. What is the highest common divisor of q and 14?
14
Suppose -15 = 2*w - 5*j, -5 = -2*w - j + 10. What is the highest common factor of w and 5?
5
Let i(d) = -d**3 + 9*d**2 + 2*d - 6. Let u be i(9). Calculate the greatest common divisor of u and 96.
12
Let t be (-4)/(-5) - (2 + (-396)/30). What is the highest common divisor of 24 and t?
12
Let o(b) = 5*b - 6. Let a be o(4). Suppose 2*v = 3*k - 2*k - 8, 0 = -4*v + 3*k - 16. Let d be (-296)/(-3) + v/6. What is the highest common divisor of a and d?
14
Suppose -4*y = -2*u - 26, -2*u + 12 - 3 = y. Let k = -108 - -171. What is the greatest common divisor of y and k?
7
Let c(x) = 49*x**2 - x + 4. Let l(f) = -1. Let t(n) = c(n) + 4*l(n). Let p be t(-1). What is the greatest common factor of p and 20?
10
Suppose 7*m + 5*m - 108 = 0. What is the greatest common divisor of m and 1?
1
Let l = 42 - 38. What is the highest common factor of l and 4?
4
Let m(c) = -c**2 - 11*c - 8. Let n be m(-9). Suppose o - 73 = -5*p, 4*p - n = 2*o + 40. What is the highest common divisor of p and 7?
7
Let o(t) = t**2 + t - 6. Let q be o(-5). Let f be ((-3)/2 + 2)*q. Calculate the greatest common factor of f and 7.
7
Let j(p) = -p + 1. Let s be j(-7). Let b = 146 - 142. What is the highest common factor of s and b?
4
Suppose 5*l - 5 = -4*u + 2, 5*u = 3*l + 55. What is the highest common divisor of 72 and u?
8
Let a(m) = -7*m - 2. Let z be a(-14). What is the greatest common divisor of z and 32?
32
Let d = -125 - -148. What is the highest common factor of d and 92?
23
Let k = 75 - 20. Suppose 0*b = b - k. Suppose 33 + b = l. Calculate the greatest common divisor of 11 and l.
11
Let q = 392 + -269. Suppose m = 5*d - 63, -4*d + 0 = 4*m - 36. Let k be q/d + (-2)/8. What is the highest common factor of 30 and k?
10
Suppose -4*i + 5 = -211. Let u = 107 + -26. Suppose 3*m - u = -3*p + 33, 174 = 5*p - 3*m. Calculate the highest common factor of i and p.
18
Let s be (-1)/(-3) - (-134)/(-6). Let y be (1 - 3/2)*s. Suppose -2*v + 56 = 5*g + 3, 0 = -g + 4*v + 15. Calculate the greatest common divisor of g and y.
11
Suppose 0*t + 80 = 4*t. Let b be (-223 - 9/(-3))*-1. Calculate the highest common divisor of t and b.
20
Suppose 21 = 4*f + 1. Calculate the greatest common divisor of f and 20.
5
Let q(s) = 3 - 2*s - 2*s + 3*s + s**2 + 11. Let l be 2/(-4) - (-1)/2. Let j be q(l). What is the highest common divisor of 154 and j?
14
Suppose -2*d - 42 = -4*d. Suppose j + 4*j = 15, -j = -4*y + d. Let g be -1*(-2)/4*y. Calculate the highest common divisor of 3 and g.
3
Let t = -19 - -27. Calculate the highest common factor of t and 20.
4
Let l be 33/(-6)*2 - 3. Let v be 24/(-84) - 130/l. Calculate the highest common factor of 18 and v.
9
Let n(t) = t**2 - 4*t + 5. Let q be n(4). What is the highest common factor of 5 and q?
5
Let m = -30 + 21. Let t be 608/18 - 2/m. Suppose 204 = 4*y - 0*y. What is the highest common divisor of y and t?
17
Let p = 3 - -1. Suppose 2*w - p = 16. What is the greatest common divisor of w and 40?
10
Let z = -4 + 8. Suppose r = 4*f + z*r - 202, -r = -f + 54. What is the highest common factor of 13 and f?
13
Suppose 10 = -n + 3*n. Suppose 0 = 4*j - l - 2, -2*j + l + 1 = -1. Suppose -n*k + 60 = x - 3*x, -5*x = j. What is the greatest common factor of k and 3?
3
Let j be (-2 + 13)/(1/4). Let q = j - 24. Suppose -z + 27 = 2*g + g, 5*g + 65 = 2*z. What is the greatest common factor of z and q?
10
Let w(j) = -j - 28. Let k be w(0). Let d = -17 - k. Let c = 258 - 181. What is the highest common divisor of d and c?
11
Let g = 2 + 1. Let o be (2/g)/((-12)/(-414)). Let a(x) = x**3 - 7*x**2 + 4*x - 5. Let q be a(7). What is the highest common divisor of o and q?
23
Let h(d) = -d + 26. Let q be h(0). Suppose 479 = -3*o + 5*r, -4*r = -4*o + o - 475. Let s = 218 + o. Calculate the highest common factor of s and q.
13
Let p(t) = -2*t**3 - 5*t**2 - t. Let o = -5 - -2. Let z = o - 1. Let m be p(z). What is the highest common factor of m and 13?
13
Suppose 26 - 8 = 2*f. Let u be (-936)/(-15) - (-6)/10. What is the highest common factor of f and u?
9
Let k be -2 - (2 - 2) - 0. Let h = k + 14. Calculate the highest common divisor of h and 84.
12
Let i be 354/30 + 8/(-10). Let b = -4 + i. Calculate the highest common divisor of 28 and b.
7
Let b be (12/9)/(1/78). What is the highest common factor of 13 and b?
13
Suppose -4*g = -g - 3. Let f be (-5)/(-2) - g/2. Calculate the greatest common factor of f and 4.
2
Let o = 28 + -18. Calculate the greatest common factor of 80 and o.
10
Let d(m) = m**2 - 5*m + 1. Let u be d(7). Calculate the highest common divisor of 120 and u.
15
Suppose -7*w = -4*w - 48. What is the highest common divisor of w and 40?
8
Let m(j) = -j**3 + 5*j**2 - 5*j + 3. Let v be m(3). Suppose 5*r - 18 = 2*r. Let c = r + 12. What is the greatest common factor of v and c?
6
Let z(m) = m - 3. Let d be z(5). Calculate the highest common divisor of 18 and d.
2
Let q(g) = 7*g**2 - 1. Let v be q(1). Suppose -6*i + 230 + 58 = 0. Calculate the highest common factor of v and i.
6
Let n = -23 - -82. Suppose 2*d + 5*m = n, -3*m + 79 = 3*d - 14. What is the greatest common divisor of d and 80?
16
Suppose 5*n - 45 = -3*f + 5*f, 4*n - 20 = 0. Let u be (-76)/f + 4/10. Calculate the highest common divisor of u and 2.
2
Let w(n) = 12*n**2 - n + 2. Let l be -2*-1*(-4)/(-8). Let s be w(l). What is the highest common factor of 52 and s?
13
Let q be (-6)/5*(3 - (-122)/(-4)). What is the greatest common divisor of 22 and q?
11
Suppose -2*v = 5*y - 2*y - 18, 3*v = -2*y + 22. Suppose -4*q + v + 2 = 0. Calculate the highest common divisor of q and 4.
2
Let y = 2 + 8. Calculate the highest common factor of 40 and y.
10
Let a be (-6)/14 + 8253/49. What is the highest common divisor of 21 and a?
21
Suppose 3*a = -5*c + 681, 4*c = -0*c - 5*a + 550. Let t = -9 + 24. What is the greatest common divisor of t and c?
15
Suppose -24*g + 225 = -9*g. Calculate the highest common divisor of 90 and g.
15
Suppose -2*l = -0*l - 40. Suppose -5*q + l = -q. Suppose q*t + 4*w - 202 = 0, 4*w = 3*t + 2*t - 218. Calculate the highest common factor of t and 6.
6
Let g be 4*-1*75/(-12). Calculate the highest common factor of 5 and g.
5
Let f(x) = -4*x + 1. Let s be f(-2). Calculate the highest common factor of s and 1.
1
Suppose 3*t - 22 = t. Let j = 109 + t. Suppose g + j = 4*g. Calculate the greatest common divisor of 5 and g.
5
Let w(x) = -3*x**2 + 3*x - 4. Let b be w(-3). Let f = b - -57. What is the greatest common factor of 136 and f?
17
Let i = 34 + -20. Let p be 8/(6 + -2) - -3. Suppose p*w - 85 = 90. What is the highest common divisor of i and w?
7
Suppose 0 = -2*f - 9 + 165. Suppose -y = -3*y + f. Calculate the highest common divisor of 26 and y.
13
Let v(c) = 2*c - 7. Suppose -6*n + n = 2*l - 25, 1 = 2*l - 3*n. Let x be v(l). Let m be 5*(-1 - (x - 9)). Calculate the greatest common divisor of 5 and m.
5
Suppose 0*l - 3*l = 45. Let h = l + 45. What is the highest common divisor of h and 10?
10
Suppose 0 = -n - 0 + 1. Calculate the greatest common divisor of 4 and n.
1
Let u be 5/(-2)*1*-2. Let f = 3 - u. Let s = 13 + f. What is the highest common divisor of s and 88?
11
Let y = 9 - 16. Let r be y + 10 - (-1 + -91). Let i = 26 - 7. What is the greatest common factor of i and r?
19
Suppose n + 3*n - 20 = 0, 100 = 2*r + 4*n. Calculate the greatest common factor of r and 16.
8
Let m be (-1 - 9)/(0 - 1). Let x be 0/((2 + -1)/1). Suppose -4*w + h = -h - 208, w - 3*h - 62 = x. What is the greatest common divisor of m and w?
10
Suppose q - 13 - 15 = 0. Let b(w) = 5*w**2 - 1. Let h be b(1). What is the highest common divisor of q and h?
4
Let z = -16 - -44. Calculate the greatest common factor of z and 42.
14
Suppose -c - 2*b = 3*b - 18, 4*c = 4*b - 24. Let k = 4 + c. Let d be 0 - (3 - 2 - k). What is the highest common divisor of 1 and d?
1
Suppose 12 = -4*a - 0*a. Let v be (42/(-9) - 2)*a. What is the greatest common divisor of v and 50?
10
Let g(x) = 2*x**3 - x**2 - 3. Let w be g(2). What is the greatest common divisor of w and 18?
9
Suppose -q - 22 = -2*w, -11*q + 13*q + 20 = 2*w. Let s = -22 - -40. What is the highest common factor of s and w?
6
Let o be 1*11*(7 - 6). Let m = 24 - o. Calculate the greatest common divisor of m and 143.
13
Let x(h) = h**3 + 10*h**2 +